{"id":117,"date":"2017-06-09T13:34:36","date_gmt":"2017-06-09T11:34:36","guid":{"rendered":"http:\/\/www.rolnik.tbg.net.pl\/erasmus2017\/?page_id=117"},"modified":"2017-06-09T13:34:36","modified_gmt":"2017-06-09T11:34:36","slug":"szkolny-zespol-projektowy","status":"publish","type":"page","link":"http:\/\/www.rolnik.tbg.net.pl\/erasmus2017\/szkolny-zespol-projektowy\/","title":{"rendered":"Szkolny zesp\u00f3\u0142 projektowy"},"content":{"rendered":"<blockquote><p>Szkolny zesp\u00f3\u0142 projektowy stanowi\u0105 panie:<\/p><\/blockquote>\n<ul>\n<li>Sylwia Szlachetka<\/li>\n<li>Swiet\u0142ana Siudzi\u0144ska<\/li>\n<li>Urszula Szczyty\u0144ska<\/li>\n<li>Halina Zbyrad<\/li>\n<\/ul>\n<p>W przygotowaniach uczni\u00f3w do wyjazdu na sta\u017ce wezm\u0105 udzia\u0142 r\u00f3wnie\u017c inni nauczyciele z ZSP2 lub &#8211; w miar\u0119 potrzeb- spoza naszej szko\u0142y.<\/p>\n<p>Szczeg\u00f3\u0142y b\u0119d\u0105 publikowane w toku realizacji projektu.<\/p>\n","protected":false},"excerpt":{"rendered":"<p>Szkolny zesp\u00f3\u0142 projektowy stanowi\u0105 panie: Sylwia Szlachetka Swiet\u0142ana Siudzi\u0144ska Urszula Szczyty\u0144ska Halina Zbyrad W przygotowaniach uczni\u00f3w do wyjazdu na sta\u017ce wezm\u0105 udzia\u0142 r\u00f3wnie\u017c inni nauczyciele z ZSP2 lub &#8211; w miar\u0119 potrzeb- spoza naszej szko\u0142y. Szczeg\u00f3\u0142y b\u0119d\u0105 publikowane w toku realizacji projektu.<\/p>\n","protected":false},"author":1,"featured_media":0,"parent":0,"menu_order":0,"comment_status":"closed","ping_status":"closed","template":"","meta":{"footnotes":""},"_links":{"self":[{"href":"http:\/\/www.rolnik.tbg.net.pl\/erasmus2017\/wp-json\/wp\/v2\/pages\/117"}],"collection":[{"href":"http:\/\/www.rolnik.tbg.net.pl\/erasmus2017\/wp-json\/wp\/v2\/pages"}],"about":[{"href":"http:\/\/www.rolnik.tbg.net.pl\/erasmus2017\/wp-json\/wp\/v2\/types\/page"}],"author":[{"embeddable":true,"href":"http:\/\/www.rolnik.tbg.net.pl\/erasmus2017\/wp-json\/wp\/v2\/users\/1"}],"replies":[{"embeddable":true,"href":"http:\/\/www.rolnik.tbg.net.pl\/erasmus2017\/wp-json\/wp\/v2\/comments?post=117"}],"version-history":[{"count":1,"href":"http:\/\/www.rolnik.tbg.net.pl\/erasmus2017\/wp-json\/wp\/v2\/pages\/117\/revisions"}],"predecessor-version":[{"id":119,"href":"http:\/\/www.rolnik.tbg.net.pl\/erasmus2017\/wp-json\/wp\/v2\/pages\/117\/revisions\/119"}],"wp:attachment":[{"href":"http:\/\/www.rolnik.tbg.net.pl\/erasmus2017\/wp-json\/wp\/v2\/media?parent=117"}],"curies":[{"name":"wp","href":"https:\/\/api.w.org\/{rel}","templated":true}]}}